{"id":2,"date":"2010-11-23T10:17:16","date_gmt":"2010-11-23T15:17:16","guid":{"rendered":"http:\/\/www.domainelangues.qc.ca\/~eclectico\/?page_id=2"},"modified":"2013-07-26T16:27:43","modified_gmt":"2013-07-26T20:27:43","slug":"a-propos","status":"publish","type":"page","link":"https:\/\/eclectico.effetdesurprise.qc.ca\/?page_id=2","title":{"rendered":"\u00c0 propos"},"content":{"rendered":"<p><a href=\"http:\/\/eclectico.effetdesurprise.qc.ca\/wp-content\/uploads\/2010\/11\/Monique.jpg\"><img decoding=\"async\" loading=\"lazy\" class=\"alignleft size-thumbnail wp-image-29\" title=\"Monique\" src=\"http:\/\/eclectico.effetdesurprise.qc.ca\/wp-content\/uploads\/2010\/11\/Monique-150x150.jpg\" alt=\"\" width=\"150\" height=\"150\" \/><\/a><\/p>\n<p style=\"text-align: justify;\">Pr\u00e9sente depuis quelques \u00a0ann\u00e9es sur Twitter sous le pseudo @Aurise, \u00a0 \u00a0je \u00a0suis v\u00e9ritablement passionn\u00e9e par la Twitt\u00e9rature collaborative \u00a0d&rsquo;inspiration oulipienne et par ses transpositions possibles en salle de classe. Je participe \u00e9galement \u00a0\u00e0 de nombreux groupes (surtout d&rsquo;\u00e9criture) \u00a0sur Facebook qui est devenu \u00a0peu \u00e0 peu \u00a0un espace de cr\u00e9ation po\u00e9tique et de partage \u00a0de mes int\u00e9r\u00eats culturels.<\/p>\n<p style=\"text-align: justify;\">Qui suis-je? Avant tout une humaine hypersensible assoiff\u00e9e de savoir et qui se d\u00e9couvre encore de nouveaux int\u00e9r\u00eats en avan\u00e7ant en \u00e2ge. Lectrice insatiable aux int\u00e9r\u00eats diversifi\u00e9s, je me nourris de mots et j\u2019ai besoin de ma dose de po\u00e9sie quotidienne en plus des romans qui alimentent mon imaginaire et qui me font voyager dans ma t\u00eate. J\u2019adore le cin\u00e9ma d\u2019auteur, mais\u00a0 j\u2019ai paradoxalement un faible pour les t\u00e9l\u00e9s\u00e9ries (m\u00eame am\u00e9ricaines) qui me surprennent et me d\u00e9stabilisent. J\u2019ai un besoin vital de musique (surtout baroque et sacr\u00e9e) et je berce mon \u00e2me avec les paroles des\u00a0 chansons d\u2019hier et d\u2019aujourd\u2019hui qui rendent la po\u00e9sie plus vivante.<\/p>\n<p style=\"text-align: justify;\">Depuis 2011, ce blogue me permet \u00a0de partager \u00a0mes explorations twitt\u00e9raires et facebouquiennes v\u00e9cues en interaction, de proposer des r\u00e9flexions portant sur la lecture et l&rsquo;\u00e9criture en lien avec la th\u00e9orie litt\u00e9raire, et de conserver des traces des \u00e9crits collectifs et personnels qui \u00a0t\u00e9moignent de l&rsquo;int\u00e9r\u00eat \u00a0des contraintes formelles issues \u00a0de l&rsquo;OuLiPo.<\/p>\n<p style=\"text-align: justify;\">Ayant \u00e9tudi\u00e9 longtemps en litt\u00e9rature, j\u2019agis actuellement comme consultante en didactique du fran\u00e7ais et je garde pr\u00e9cieusement en m\u00e9moire les ann\u00e9es v\u00e9cues comme enseignante au primaire et\u00a0 comme accompagnatrice d\u2019enseignants en formation initiale et continue.<\/p>\n<p style=\"text-align: justify;\">Merci de bien vouloir parcourir les pages de mes diff\u00e9rentes rubriques et d&rsquo;y laisser des commentaires si le coeur vous en dit.<\/p>\n<p>Monique Le Pailleur<\/p>\n","protected":false},"excerpt":{"rendered":"<p>Pr\u00e9sente depuis quelques \u00a0ann\u00e9es sur Twitter sous le pseudo @Aurise, \u00a0 \u00a0je \u00a0suis v\u00e9ritablement passionn\u00e9e par la Twitt\u00e9rature collaborative \u00a0d&rsquo;inspiration oulipienne et par ses transpositions possibles en salle de classe. Je participe \u00e9galement \u00a0\u00e0 de nombreux groupes (surtout d&rsquo;\u00e9criture) \u00a0sur &hellip; <a href=\"https:\/\/eclectico.effetdesurprise.qc.ca\/?page_id=2\">Continuer la lecture <span class=\"meta-nav\">&rarr;<\/span><\/a><\/p>\n","protected":false},"author":1,"featured_media":0,"parent":0,"menu_order":0,"comment_status":"open","ping_status":"open","template":"","meta":[],"_links":{"self":[{"href":"https:\/\/eclectico.effetdesurprise.qc.ca\/index.php?rest_route=\/wp\/v2\/pages\/2"}],"collection":[{"href":"https:\/\/eclectico.effetdesurprise.qc.ca\/index.php?rest_route=\/wp\/v2\/pages"}],"about":[{"href":"https:\/\/eclectico.effetdesurprise.qc.ca\/index.php?rest_route=\/wp\/v2\/types\/page"}],"author":[{"embeddable":true,"href":"https:\/\/eclectico.effetdesurprise.qc.ca\/index.php?rest_route=\/wp\/v2\/users\/1"}],"replies":[{"embeddable":true,"href":"https:\/\/eclectico.effetdesurprise.qc.ca\/index.php?rest_route=%2Fwp%2Fv2%2Fcomments&post=2"}],"version-history":[{"count":7,"href":"https:\/\/eclectico.effetdesurprise.qc.ca\/index.php?rest_route=\/wp\/v2\/pages\/2\/revisions"}],"predecessor-version":[{"id":28,"href":"https:\/\/eclectico.effetdesurprise.qc.ca\/index.php?rest_route=\/wp\/v2\/pages\/2\/revisions\/28"}],"wp:attachment":[{"href":"https:\/\/eclectico.effetdesurprise.qc.ca\/index.php?rest_route=%2Fwp%2Fv2%2Fmedia&parent=2"}],"curies":[{"name":"wp","href":"https:\/\/api.w.org\/{rel}","templated":true}]}}